 of 482579779.
11, 761, 57649
List the prime factors of 531518548.
2, 11, 73, 165479
What are the prime factors of 891917095?
5, 19, 9388601
What are the prime factors of 85296294?
2, 3, 1579561
List the prime factors of 46133392.
2, 83, 34739
What are the prime factors of 161287448?
2, 7, 229, 12577
What are the prime factors of 457717711?
11, 199, 19009
What are the prime factors of 1503638291?
31, 6719, 7219
List the prime factors of 917876105.
5, 183575221
List the prime factors of 467186692.
2, 7, 16685239
List the prime factors of 1466749668.
2, 3, 122229139
What are the prime factors of 1623233?
1623233
What are the prime factors of 550095403?
11, 13, 29, 31, 389
List the prime factors of 88043653.
53, 149, 11149
What are the prime factors of 40032483?
3, 37, 360653
List the prime factors of 546904459.
167, 1109, 2953
What are the prime factors of 184085530?
2, 5, 137, 134369
What are the prime factors of 1709389362?
2, 3, 284898227
List the prime factors of 144909665.
5, 29, 999377
List the prime factors of 894437336.
2, 13, 8600359
What are the prime factors of 73558367?
19, 113, 34261
What are the prime factors of 130038916?
2, 7, 17, 257, 1063
List the prime factors of 55766834.
2, 17, 1640201
List the prime factors of 89169435.
3, 5, 1981543
What are the prime factors of 704555646?
2, 3, 2689, 43669
List the prime factors of 8143009423.
8143009423
What are the prime factors of 2233767772?
2, 419, 1332797
What are the prime factors of 23456636?
2, 7, 837737
What are the prime factors of 114457414?
2, 57228707
List the prime factors of 702451717.
11, 19, 23, 29, 5039
List the prime factors of 837773258.
2, 7, 73, 819739
What are the prime factors of 1037692437?
3, 345897479
List the prime factors of 2746159461.
3, 305128829
What are the prime factors of 5048829205?
5, 7, 151, 955313
List the prime factors of 1192261517.
107, 11142631
What are the prime factors of 1513760582?
2, 1217, 621923
List the prime factors of 129808805.
5, 7, 349, 10627
What are the prime factors of 1666535?
5, 13, 25639
List the prime factors of 370866677.
193, 257, 7477
List the prime factors of 40870238.
2, 20435119
What are the prime factors of 47607734?
2, 29, 263, 3121
What are the prime factors of 1099421779?
953, 1153643
What are the prime factors of 39304339?
937, 41947
List the prime factors of 974993991.
3, 47, 109, 63439
List the prime factors of 919527126.
2, 3, 7, 73, 443, 677
List the prime factors of 465877415.
5, 93175483
What are the prime factors of 315098565?
3, 5, 19, 1105609
List the prime factors of 255057815.
5, 5641, 9043
What are the prime factors of 6996940?
2, 5, 19, 18413
List the prime factors of 73940977.
11, 863, 7789
What are the prime factors of 485128216?
2, 19, 73, 43721
List the prime factors of 341231630.
2, 5, 34123163
List the prime factors of 2552364.
2, 3, 23633
What are the prime factors of 3151630575?
3, 5, 61, 229627
What are the prime factors of 4288939566?
2, 3, 439, 1628299
What are the prime factors of 1378354765?
5, 275670953
List the prime factors of 2543747604.
2, 3, 17, 1723, 7237
What are the prime factors of 19510176?
2, 3, 7, 29033
List the prime factors of 49703623.
49703623
What are the prime factors of 98345046?
2, 3, 79, 207479
List the prime factors of 659907367.
7, 127, 661, 1123
What are the prime factors of 568181090?
2, 5, 1201, 47309
What are the prime factors of 270422724?
2, 3, 11, 13, 59, 2671
List the prime factors of 59762451.
3, 7, 31, 91801
List the prime factors of 17535058.
2, 17, 515737
What are the prime factors of 90228294?
2, 3, 13, 385591
What are the prime factors of 252046784?
2, 11, 151, 2371
What are the prime factors of 8673642?
2, 3, 661
List the prime factors of 119511143.
809, 147727
What are the prime factors of 433418554?
2, 439, 493643
List the prime factors of 65013854.
2, 163, 199429
What are the prime factors of 3407427932?
2, 851856983
What are the prime factors of 1836624119?
11, 166965829
What are the prime factors of 176286037?
157, 1122841
What are the prime factors of 137111825?
5, 37, 148229
What are the prime factors of 47240547?
3, 457, 34457
List the prime factors of 2266351610.
2, 5, 6329, 35809
What are the prime factors of 84111334?
2, 3571, 11777
List the prime factors of 5018970161.
139, 36107699
List the prime factors of 393361955.
5, 7, 1605559
What are the prime factors of 1303627994?
2, 23, 28339739
What are the prime factors of 76773926?
2, 5923, 6481
What are the prime factors of 335999543?
11, 17, 809, 2221
What are the prime factors of 31804460?
2, 5, 37, 42979
List the prime factors of 121369265.
5, 24273853
List the prime factors of 5956636.
2, 7, 30391
What are the prime factors of 44653446?
2, 3, 29, 131, 653
What are the prime factors of 56547217?
97, 582961
What are the prime factors of 89442566?
2, 41, 109, 10007
What are the prime factors of 56905971?
3, 18968657
What are the prime factors of 100009306?
2, 50004653
What are the prime factors of 305772877?
305772877
What are the prime factors of 1660310886?
2, 3, 13, 21286037
What are the prime factors of 113032517?
13, 29, 53, 5657
What are the prime factors of 82870915?
5, 1277, 12979
What are the prime factors of 34249057?
113, 303089
What are the prime factors of 86215969?
7, 1301, 9467
What are the prime factors of 2649399823?
7, 47, 8052887
What are the prime factors of 65087402?
2, 32543701
What are the prime factors of 75680707?
7207, 10501
What are the prime factors of 697569719?
7, 11, 31, 857
What are the prime factors of 225983069?
13, 1873, 9281
List the prime factors of 16770607.
7, 1489, 1609
List the prime factors of 2688808338.
2, 3, 49792747
List the prime factors of 1571729623.
37, 137, 311, 997
What are the prime factors of 146929291?
146929291
What are the prime factors of 1769303163?
3, 589767721
List the prime factors of 389854609.
41, 9508649
List the prime factors of 26201480.
2, 5, 655037
List the prime factors of 38221678.
2, 11, 17, 102197
What are the prime factors of 269485274?
2, 79, 149, 11447
List the prime factors of 3474548815.
5, 241, 2883443
List the prime factors of 65692897.
67, 980491
What are the prime factors of 1451410664?
2, 11, 223, 73961
List the prime factors of 743209681.
19, 2617, 14947
What are the prime factors of 2688277?
383, 7019
What are the prime factors of 2768310891?
3, 67, 73, 20963
List the prime factors of 101031928.
2, 12628991
List the prime factors of 2240419916.
2, 7, 359, 222883
What are the prime factors of 2828879913?
3, 5653, 166807
What are the prime factors of 5558398?
2, 1613, 1723
What are the prime factors of 37967578?
2, 11, 89, 19391
List the prime factors of 7981264498.
2, 3990632249
List the prime factors of 118188695.
5, 317, 74567
What are the prime factors of 28275287?
19, 1488173
List the prime factors of 652370731.
652370731
List the prime factors of 75268054.
2, 1301, 28927
What are the prime factors of 19459892?
2, 311, 15643
What are the prime factors of 37196877?
3, 37, 335107
List the prime factors of 50302941.
3, 13, 41, 163, 193
What are the prime factors of 680773254?
2, 3, 7, 16208887
What are the prime factors of 539555982?
2, 3, 7, 41, 313331
What are the prime factors of 20931972?
2, 3, 1744331
List the prime factors of 838536865.
5, 223, 227, 3313
What are the prime factors of 2402085658?
2, 7, 37, 4637231
What are the prime factors of 82393454?
2, 11, 13, 288089
List the prime factors of 1184207560.
2, 5, 29605189
List the prime factors of 6232065407.
73, 85370759
List the prime factors of 392861800.
2, 5, 127, 15467
What are the prime factors of 1028625459?
3, 5261, 65173
What are the prime factors of 289251441?
3, 32139049
What are the prime factors of 544528444?
2, 136132111
What are the prime factors of 21426103?
17, 1260359
List the prime factors of 1606364401.
449, 3577649
List the prime factors of 170739479.
12491, 13669
List the prime factors of 5070205228.
2, 11, 115231937
List the prime factors of 197508181.
13, 15192937
What are the prime factors of 1134963830?
2, 5, 7, 11, 13, 113383
List the prime factors of 25819428.
2, 3, 2151619
What are the prime factors of 8265843691?
7, 1180834813
List the prime factors of 7058036952.
2, 3, 113, 289169
List the prime factors of 10528567